 15833.
3
What is the remainder when 15528 is divided by 337?
26
What is the remainder when 255 is divided by 116?
23
Calculate the remainder when 7287 is divided by 803.
60
What is the remainder when 98127 is divided by 16?
15
What is the remainder when 455439 is divided by 227685?
69
What is the remainder when 14867 is divided by 26?
21
What is the remainder when 30040 is divided by 18?
16
What is the remainder when 3499 is divided by 1339?
821
Calculate the remainder when 89804 is divided by 133.
29
Calculate the remainder when 128698 is divided by 64.
58
Calculate the remainder when 5158 is divided by 1013.
93
What is the remainder when 50330 is divided by 59?
3
What is the remainder when 129490 is divided by 551?
5
What is the remainder when 7501 is divided by 219?
55
What is the remainder when 1245 is divided by 35?
20
Calculate the remainder when 79170 is divided by 83.
71
What is the remainder when 12558 is divided by 2082?
66
Calculate the remainder when 5300 is divided by 155.
30
What is the remainder when 6797 is divided by 3379?
39
Calculate the remainder when 1655 is divided by 507.
134
What is the remainder when 908 is divided by 471?
437
Calculate the remainder when 63837 is divided by 42.
39
Calculate the remainder when 700 is divided by 70.
0
Calculate the remainder when 302924 is divided by 168.
20
What is the remainder when 136696 is divided by 59?
52
What is the remainder when 4827 is divided by 138?
135
What is the remainder when 133985 is divided by 366?
29
Calculate the remainder when 1266 is divided by 542.
182
Calculate the remainder when 749937 is divided by 144.
129
Calculate the remainder when 2212920 is divided by 28.
24
Calculate the remainder when 7462 is divided by 298.
12
What is the remainder when 3905 is divided by 316?
113
What is the remainder when 15494 is divided by 6?
2
Calculate the remainder when 2568 is divided by 99.
93
What is the remainder when 14806 is divided by 2?
0
Calculate the remainder when 37026 is divided by 7324.
406
Calculate the remainder when 3899561 is divided by 157.
152
Calculate the remainder when 1330 is divided by 1035.
295
Calculate the remainder when 4293 is divided by 1944.
405
Calculate the remainder when 112518 is divided by 14061.
30
Calculate the remainder when 864567 is divided by 216141.
3
Calculate the remainder when 1961 is divided by 117.
89
What is the remainder when 1780 is divided by 295?
10
What is the remainder when 226585 is divided by 3?
1
What is the remainder when 8043 is divided by 1540?
343
What is the remainder when 15031 is divided by 206?
199
Calculate the remainder when 27860 is divided by 4604.
236
What is the remainder when 85236 is divided by 947?
6
Calculate the remainder when 22859 is divided by 238.
11
Calculate the remainder when 2419 is divided by 349.
325
What is the remainder when 1591 is divided by 1500?
91
Calculate the remainder when 7407 is divided by 15.
12
What is the remainder when 1174 is divided by 130?
4
Calculate the remainder when 38672 is divided by 2.
0
Calculate the remainder when 2456 is divided by 98.
6
Calculate the remainder when 5307 is divided by 379.
1
Calculate the remainder when 6311 is divided by 900.
11
Calculate the remainder when 151772 is divided by 54.
32
Calculate the remainder when 408147 is divided by 45.
42
What is the remainder when 35133 is divided by 13?
7
Calculate the remainder when 31852 is divided by 41.
36
What is the remainder when 88123 is divided by 153?
148
Calculate the remainder when 24187 is divided by 6030.
67
Calculate the remainder when 596319 is divided by 20.
19
Calculate the remainder when 1052 is divided by 1038.
14
Calculate the remainder when 12266 is divided by 267.
251
What is the remainder when 4102 is divided by 2027?
48
Calculate the remainder when 198821 is divided by 154.
7
Calculate the remainder when 277 is divided by 277.
0
Calculate the remainder when 46128 is divided by 66.
60
What is the remainder when 6387 is divided by 47?
42
Calculate the remainder when 24521 is divided by 6126.
17
What is the remainder when 4462 is divided by 16?
14
What is the remainder when 68850 is divided by 22943?
21
Calculate the remainder when 513769 is divided by 63.
4
Calculate the remainder when 134833 is divided by 52.
49
Calculate the remainder when 3933 is divided by 128.
93
What is the remainder when 1073 is divided by 249?
77
Calculate the remainder when 8414 is divided by 940.
894
Calculate the remainder when 23024 is divided by 586.
170
Calculate the remainder when 38803 is divided by 1510.
1053
What is the remainder when 1733 is divided by 278?
65
Calculate the remainder when 32010 is divided by 212.
210
Calculate the remainder when 3250 is divided by 91.
65
What is the remainder when 8475 is divided by 176?
27
What is the remainder when 13353 is divided by 1123?
1000
What is the remainder when 4801 is divided by 78?
43
Calculate the remainder when 5082 is divided by 77.
0
What is the remainder when 22362 is divided by 217?
11
What is the remainder when 67111 is divided by 318?
13
Calculate the remainder when 4968 is divided by 45.
18
What is the remainder when 5640 is divided by 87?
72
What is the remainder when 45548 is divided by 283?
268
Calculate the remainder when 20895 is divided by 48.
15
What is the remainder when 144197 is divided by 57?
44
Calculate the remainder when 44837 is divided by 472.
469
Calculate the remainder when 74046 is divided by 74031.
15
What is the remainder when 4795 is divided by 2376?
43
What is the remainder when 1039 is divided by 902?
137
Calculate the remainder when 58049 is divided by 10.
9
What is the remainder when 32742 is divided by 3613?
225
Calculate the remainder when 489583 is divided by 122391.
19
What is the remainder when 538139 is divided by 671?
668
What is the remainder when 403824 is divided by 25?
24
What is the remainder when 3546 is divided by 1740?
66
What is the remainder when 266463 is divided by 20496?
15
What is the remainder when 8098 is divided by 2681?
55
What is the remainder when 12296 is divided by 384?
8
Calculate the remainder when 22700 is divided by 2062.
18
Calculate the remainder when 13187 is divided by 286.
31
What is the remainder when 217319 is divided by 40?
39
What is the remainder when 111329 is divided by 116?
85
Calculate the remainder when 38911 is divided by 76.
75
Calculate the remainder when 17078 is divided by 10.
8
Calculate the remainder when 194006 is divided by 8.
6
Calculate the remainder when 288 is divided by 200.
88
What is the remainder when 4222147 is divided by 2376?
2371
What is the remainder when 1129415 is divided by 1516?
1511
Calculate the remainder when 8787 is divided by 8770.
17
Calculate the remainder when 1192958 is divided by 160.
158
Calculate the remainder when 33747 is divided by 146.
21
What is the remainder when 8742 is divided by 2833?
243
What is the remainder when 117702 is divided by 458?
454
What is the remainder when 15229 is divided by 124?
101
What is the remainder when 50561 is divided by 16849?
14
Calculate the remainder when 2932 is divided by 2555.
377
What is the remainder when 55258 is divided by 18419?
1
Calculate the remainder when 857 is divided by 716.
141
What is the remainder when 10361 is divided by 203?
8
Calculate the remainder when 882 is divided by 584.
298
What is the remainder when 83225 is divided by 67?
11
What is the remainder when 516 is divided by 29?
23
What is the remainder when 17198 is divided by 818?
20
What is the remainder when 111664 is divided by 320?
304
What is the remainder when 23528 is divided by 112?
8
Calculate the remainder when 42923 is divided by 325.
23
Calculate the remainder when 7881 is divided by 1575.
6
Calculate the remainder when 131891 is divided by 12.
11
What is the remainder when 93036 is divided by 269?
231
What is the remainder when 61212 is divided by 2354?
8
What is the remainder when 52956 is divided by 161?
148
Calculate the remainder when 7534 is divided by 191.
85
What is the remainder when 5551 is divided by 293?
277
What is the remainder when 1563635 is divided by 49?
45
What is the remainder when 10978 is divided by 266?
72
Calculate the remainder when 1174 is divided by 328.
190
What is the remai